{"id":630,"date":"2025-05-15T12:37:31","date_gmt":"2025-05-15T12:37:31","guid":{"rendered":"https:\/\/maydayweb.fr\/sunreva\/?post_type=camping&#038;p=630"},"modified":"2025-06-20T09:06:49","modified_gmt":"2025-06-20T09:06:49","slug":"le-grau-du-roi-camping-leden","status":"publish","type":"camping","link":"https:\/\/maydayweb.fr\/sunreva\/camping\/le-grau-du-roi-camping-leden\/","title":{"rendered":"Le Grau du Roi - Camping L'Eden"},"content":{"rendered":"\n<p><\/p>\n\n\n\n<p><\/p>\n","protected":false},"featured_media":640,"template":"","meta":{"_acf_changed":true,"_seopress_robots_primary_cat":"","_seopress_titles_title":"Camping Grau-du-Roi \u2013 Camping l'Eden : Vacances au bord de la mer M\u00e9diterran\u00e9e","_seopress_titles_desc":"S\u00e9journez au Camping l'Eden au Grau-du-Roi, \u00e0 quelques pas des plages. Mobil-homes, piscine chauff\u00e9e, activit\u00e9s pour enfants, animations, sports nautiques et randonn\u00e9es pour des vacances inoubliables dans le Gard.","_seopress_robots_index":"","inline_featured_image":false},"region-camping":[40],"class_list":["post-630","camping","type-camping","status-publish","has-post-thumbnail","hentry","region-camping-destination-mediterranee"],"acf":[],"_links":{"self":[{"href":"https:\/\/maydayweb.fr\/sunreva\/wp-json\/wp\/v2\/camping\/630","targetHints":{"allow":["GET"]}}],"collection":[{"href":"https:\/\/maydayweb.fr\/sunreva\/wp-json\/wp\/v2\/camping"}],"about":[{"href":"https:\/\/maydayweb.fr\/sunreva\/wp-json\/wp\/v2\/types\/camping"}],"wp:featuredmedia":[{"embeddable":true,"href":"https:\/\/maydayweb.fr\/sunreva\/wp-json\/wp\/v2\/media\/640"}],"wp:attachment":[{"href":"https:\/\/maydayweb.fr\/sunreva\/wp-json\/wp\/v2\/media?parent=630"}],"wp:term":[{"taxonomy":"region-camping","embeddable":true,"href":"https:\/\/maydayweb.fr\/sunreva\/wp-json\/wp\/v2\/region-camping?post=630"}],"curies":[{"name":"wp","href":"https:\/\/api.w.org\/{rel}","templated":true}]}}

Camping Grau-du-Roi – Camping l'Eden : Vacances au bord de la mer Méditerranée

Séjournez au Camping l'Eden au Grau-du-Roi, à quelques pas des plages. Mobil-homes, piscine chauffée, activités pour enfants, animations, sports nautiques et randonnées pour des vacances inoubliables dans le Gard.
